der when 10676996 is divided by 116.
8
Calculate the remainder when 6614004 is divided by 2204659.
27
Calculate the remainder when 319342 is divided by 6935.
332
Calculate the remainder when 34061864 is divided by 4012.
3996
What is the remainder when 131473 is divided by 21910?
13
Calculate the remainder when 160459 is divided by 160264.
195
What is the remainder when 15947799 is divided by 2223?
2220
Calculate the remainder when 173331388 is divided by 10.
8
What is the remainder when 176641 is divided by 175657?
984
What is the remainder when 3934382 is divided by 625?
7
What is the remainder when 619970 is divided by 619968?
2
What is the remainder when 577533 is divided by 92?
49
What is the remainder when 15126760 is divided by 215?
5
Calculate the remainder when 29204704 is divided by 14602346.
12
What is the remainder when 106507450 is divided by 282?
280
What is the remainder when 773384 is divided by 45?
14
Calculate the remainder when 55858991 is divided by 6.
5
What is the remainder when 14197626 is divided by 236627?
6
What is the remainder when 47441623 is divided by 1144?
1087
Calculate the remainder when 300829 is divided by 206.
69
Calculate the remainder when 1090352 is divided by 136242.
416
Calculate the remainder when 3760 is divided by 2454.
1306
Calculate the remainder when 1401043 is divided by 66716.
7
Calculate the remainder when 28250541 is divided by 2090.
11
What is the remainder when 920784 is divided by 306291?
1911
What is the remainder when 79326 is divided by 2202?
54
Calculate the remainder when 362458 is divided by 90611.
14
Calculate the remainder when 1300453 is divided by 86683.
208
Calculate the remainder when 73526 is divided by 6202.
5304
What is the remainder when 3579639 is divided by 236?
227
Calculate the remainder when 232294 is divided by 82.
70
Calculate the remainder when 65100317 is divided by 99.
95
What is the remainder when 24854 is divided by 1500?
854
Calculate the remainder when 1335897 is divided by 6331.
56
Calculate the remainder when 1682684 is divided by 27140.
4
Calculate the remainder when 2094366 is divided by 83.
27
What is the remainder when 10714664 is divided by 314?
42
What is the remainder when 283254388 is divided by 7545?
7543
What is the remainder when 2731935 is divided by 544?
511
What is the remainder when 529523 is divided by 74?
53
Calculate the remainder when 15389997 is divided by 1140.
1137
Calculate the remainder when 8474427 is divided by 29022.
3
Calculate the remainder when 1733170 is divided by 94.
92
Calculate the remainder when 17220591 is divided by 833.
815
Calculate the remainder when 73257478 is divided by 36628734.
10
What is the remainder when 4672 is divided by 4641?
31
What is the remainder when 12803529 is divided by 768?
201
What is the remainder when 47684 is divided by 35954?
11730
Calculate the remainder when 124616 is divided by 41486.
158
What is the remainder when 267739 is divided by 920?
19
What is the remainder when 44540 is divided by 44391?
149
Calculate the remainder when 173161 is divided by 449.
296
Calculate the remainder when 3199891 is divided by 294.
289
What is the remainder when 77508 is divided by 1922?
628
Calculate the remainder when 7363665 is divided by 7.
1
Calculate the remainder when 8830328 is divided by 147170.
128
Calculate the remainder when 207296 is divided by 251.
221
What is the remainder when 3018125 is divided by 377249?
133
What is the remainder when 120394 is divided by 2735?
54
What is the remainder when 80691250 is divided by 3882?
3880
Calculate the remainder when 7391 is divided by 145.
141
Calculate the remainder when 577262 is divided by 115452.
2
Calculate the remainder when 3579642 is divided by 566.
258
Calculate the remainder when 5449504 is divided by 544950.
4
Calculate the remainder when 162425 is divided by 66.
65
What is the remainder when 427221 is divided by 557?
2
What is the remainder when 1017327 is divided by 10072?
55
What is the remainder when 421624 is divided by 18331?
11
What is the remainder when 8912 is divided by 682?
46
Calculate the remainder when 112902990 is divided by 496.
494
Calculate the remainder when 66453141 is divided by 24.
21
What is the remainder when 85049 is divided by 875?
174
Calculate the remainder when 189092 is divided by 14541.
59
What is the remainder when 65946401 is divided by 735?
731
Calculate the remainder when 7281766 is divided by 32078.
60
What is the remainder when 344399 is divided by 31305?
44
Calculate the remainder when 4521704 is divided by 51.
44
Calculate the remainder when 34170 is divided by 1894.
78
What is the remainder when 229788 is divided by 44708?
6248
Calculate the remainder when 4797386 is divided by 3211.
152
Calculate the remainder when 4158244 is divided by 247.
246
What is the remainder when 6321498 is divided by 2979?
60
Calculate the remainder when 43543 is divided by 1767.
1135
Calculate the remainder when 63725 is divided by 134.
75
Calculate the remainder when 18171756 is divided by 80.
76
Calculate the remainder when 15004565 is divided by 48.
5
Calculate the remainder when 421100 is divided by 84208.
60
Calculate the remainder when 71664 is divided by 882.
222
What is the remainder when 392293 is divided by 2993?
210
Calculate the remainder when 28798504 is divided by 317.
5
What is the remainder when 913617 is divided by 53737?
88
What is the remainder when 4624619 is divided by 2310?
2309
What is the remainder when 1225632 is divided by 122?
20
Calculate the remainder when 16944156 is divided by 182195.
21
What is the remainder when 2652609 is divided by 884193?
30
What is the remainder when 2301270 is divided by 543?
36
Calculate the remainder when 10109136 is divided by 6221.
11
Calculate the remainder when 39223 is divided by 13045.
88
Calculate the remainder when 2564736 is divided by 138.
6
What is the remainder when 1791361 is divided by 12354?
31
What is the remainder when 5327591 is divided by 3194?
3193
Calculate the remainder when 1194715 is divided by 184.
3
What is the remainder when 4617701 is divided by 35?
11
What is the remainder when 6809999 is divided by 16213?
539
Calculate the remainder when 17163673 is divided by 4170.
4123
What is the remainder when 327688 is divided by 16384?
8
What is the remainder when 7599106 is divided by 64?
2
What is the remainder when 119445 is divided by 59558?
329
What is the remainder when 28022815 is divided by 32?
31
What is the remainder when 3990441 is divided by 24?
9
Calculate the remainder when 21731871 is divided by 4346363.
56
What is the remainder when 129596 is divided by 745?
711
Calculate the remainder when 81479250 is divided by 4.
2
Calculate the remainder when 308163 is divided by 154055.
53
Calculate the remainder when 5137872 is divided by 194.
170
Calculate the remainder when 7578488 is divided by 112.
8
What is the remainder when 149486 is divided by 1738?
18
What is the remainder when 22027766 is divided by 12070?
16
What is the remainder when 894883 is divided by 223703?
71
Calculate the remainder when 21361195 is divided by 28.
23
Calculate the remainder when 17896 is divided by 5909.
169
Calculate the remainder when 41110036 is divided by 7.
2
What is the remainder when 3730118 is divided by 2198?
112
Calculate the remainder when 120872 is divided by 182.
24
Calculate the remainder when 1350908 is divided by 675358.
192
Calculate the remainder when 20368752 is divided by 178.
34
What is the remainder when 5551594 is divided by 222062?
44
Calculate the remainder when 2024165 is divided by 1012081.
3
Calculate the remainder when 5236553 is divided by 26.
23
What is the remainder when 334243985 is divided by 2158?
2155
Calculate the remainder when 2463506 is divided by 2897.
1056
What is the remainder when 2215443 is divided by 316489?
20
Calculate the remainder when 106115343 is divided by 25.
18
What is the remainder when 1567227 is divided by 426?
399
Calculate the remainder when 4236742 is divided by 4171.
3177
Calculate the remainder when 82058 is divided by 2413.
16
What is the remainder when 529391 is divided by 15125?
16
Calculate the remainder when 3116013 is divided by 19971.
537
What is the remainder when 92928 is divided by 92823